-8)) - 0. Suppose -5*t - u*y = -304, -4*y - 74 = 2*t - 3*t. What are the prime factors of t?
2, 31
Suppose d + x + 1 = -2, d - 12 = 4*x. Suppose 0 = -d*p - 3*p + 630. Suppose -3*u - p = -4*j, j - 257 = -4*j + u. What are the prime factors of j?
3, 17
Suppose -2*m + 2*n + 87 = m, -3*n = 4*m - 116. Let u = -7 + m. What are the prime factors of u?
2, 11
Let k(c) = 2*c**3 + 3*c**2 - 2*c - 9. Let t(z) = -z**3 - 4*z**2 + 3*z + 10. Let l(s) = 2*k(s) + 3*t(s). List the prime factors of l(6).
2, 3, 7
Let u be 414/4 - (-1)/(-2). Let z = -71 + u. Let j = -16 + z. List the prime factors of j.
2
Let a(s) = -32*s + 1. Suppose -2*z + 8 = -4*o, -4*o + 8 = -5*z + 22. Let v be a(o). What are the prime factors of 2/(-4) + v/6?
5
Suppose 2*r = -2*x + 1766, 891 = -3*x + 4*x + 5*r. List the prime factors of x.
881
Suppose -5*a = 5*k + 5, -3*k - a - a = -2. Suppose 5*f - 4*d = 323, d + 10 = -k*d. What are the prime factors of f?
3, 7
Let k be (-44)/(4*1/(-174)). Suppose 2*q - 3*s - 1152 = k, -2*q + 3082 = 5*s. List the prime factors of (-2)/(-13) + q/156.
2, 5
List the prime factors of (-4)/(-10) + 501998/230.
37, 59
Let o = -2644 - -5130. What are the prime factors of o?
2, 11, 113
Suppose -810 = -4*g - 5*w, 0 = g + 20*w - 19*w - 203. What are the prime factors of g?
5, 41
Let v(x) = 3 - 5 + 10*x**2 - x**2 + 5*x + x**3. What are the prime factors of v(-4)?
2, 29
Let v = -2803 + 5071. List the prime factors of v.
2, 3, 7
Let x(h) = 2*h**2 + 2*h - 3. Suppose -c = t - 7, c - 6*c + 8 = -4*t. Suppose q = t*q - 4. List the prime factors of x(q).
3
Suppose -5*x = 5, -3*x = -2*i - 3*i - 12. Let l = 1 - i. Suppose b = l*q + 30, 5*b - 16 = -3*q + 65. What are the prime factors of b?
2, 3
Suppose 4170*z = 4157*z + 55705. List the prime factors of z.
5, 857
Suppose -9*j + 32 = -13. Suppose -19*g + 3500 = -j*g. What are the prime factors of g?
2, 5
Suppose 2*l = -4*d, d + 0*d = 2*l + 10. Suppose 3*c = d*c - 72. List the prime factors of (c/(-15))/((-3)/(-10)).
2
Let u(c) be the second derivative of c**3/3 + 3*c**2 - 3*c. Let z be u(-3). Suppose 3*o + o - 3*q - 231 = z, -3*q = 5*o - 309. List the prime factors of o.
2, 3, 5
Let d(n) = 7*n**2 + 2*n - 88. List the prime factors of d(-15).
31, 47
Suppose 0 = 5*w + 5*j + 255, 0 = 5*w + 4*j + 113 + 145. Let m = w - -108. What are the prime factors of m?
2, 3
Let r = 6 + 15. Suppose r + 23 = 4*d - 3*a, 0 = a. Let j = 2 + d. List the prime factors of j.
13
Suppose 5*t = -6*f + 4*f - 20, 3*t - 2*f = -12. What are the prime factors of (-260)/(-13) - (t - 1)?
5
Let x(t) be the third derivative of 0*t - 1/2*t**4 - 2/3*t**3 + 0 + 4*t**2. List the prime factors of x(-2).
2, 5
Suppose 32*q - 155435 = -58507. List the prime factors of q.
13, 233
Suppose -259 = 4*v + 3913. What are the prime factors of (v/(-21))/(4/12)?
149
Let c = -46 - -201. What are the prime factors of c?
5, 31
Let y(o) = -2*o**3 + o**2 - 3*o - 2. Let s be y(4). Suppose -5*q - 137 = 4*x + 110, -3*q - 2*x = 147. Let h = q - s. What are the prime factors of h?
79
Suppose -4*i + 37 = -707. Let v = i + -108. List the prime factors of v.
2, 3, 13
Suppose -6*q - 13 = 11. What are the prime factors of (12/21)/q + (-968)/(-14)?
3, 23
Suppose 3*f = -4 + 28. Let z(h) = -h**3 - 9*h**2 + 14 - f*h + 0*h**3 - 24. What are the prime factors of z(-9)?
2, 31
Let x(g) = -g**3 - 4*g**2 - 3*g + 2. Let y(h) be the second derivative of h**4/12 + 5*h**3/3 + 3*h**2 + 4*h. Let j be y(-9). What are the prime factors of x(j)?
2
Suppose -4368 = -3*t + 4*x, 2*t - 1442 - 1466 = 4*x. What are the prime factors of t?
2, 5, 73
Suppose 7*x - 42967 = -15548. List the prime factors of x.
3917
Suppose -q + 4*s = -4*q - 59, -3*s = 3*q + 60. Let j = q - -87. What are the prime factors of j?
2, 3, 11
Suppose 0 = -45*u + 140419 + 6506. What are the prime factors of u?
5, 653
Let r = 2 + -9. Suppose -2*n - 5*f + 57 = -8, f - 34 = -n. Let w = n + r. What are the prime factors of w?
2, 7
Let g = -5 + 9. Suppose l + g*x = -2*l + 25, 3*l - 2*x = 1. Suppose y = -3*o + 19, -l*o + o - 6 = 0. What are the prime factors of y?
2, 7
Suppose 47 = 5*l + 3*i, i + 0 + 3 = l. Let b = l + -4. Suppose 2 = b*p + 5, 2*g - 11 = -3*p. What are the prime factors of g?
7
Let m = -1433 - -1467. What are the prime factors of m?
2, 17
Let v(w) = -17*w + 8. Let h(g) = -15*g + 10. Let n(u) = -3*h(u) + 4*v(u). Suppose -4 = 5*y - 3*y. List the prime factors of n(y).
2, 3
What are the prime factors of (-3 - (0 - -2)) + (-2 - -229)?
2, 3, 37
Let g be 4 - 1 - (4 + -3). Suppose -g*j - 13 + 167 = 0. Suppose 27 = -5*d + j. What are the prime factors of d?
2, 5
Let j = -398 + 713. List the prime factors of j.
3, 5, 7
List the prime factors of ((-7)/(-14))/(1/338).
13
Suppose 105 = k - 140. List the prime factors of k.
5, 7
Let z(h) = -7*h + 17. Let g = 23 + -28. List the prime factors of z(g).
2, 13
Suppose -27 - 45 = d. Let z = d - -124. List the prime factors of z.
2, 13
Suppose -181 = 5*d + 5*a - 46, 0 = 4*d - 2*a + 84. Let x(l) = -l**3 - 22*l**2 + 18*l - 14. List the prime factors of x(d).
101
Let y(l) = 3*l + 115. Let g be y(0). What are the prime factors of -1*(-1 - -1) + g?
5, 23
Let w(o) = -2*o**3 - 4*o**2 - 3*o - 1. Let r be w(-2). What are the prime factors of ((-1)/r - -1)/(6/465)?
2, 31
Let o(j) = 35*j**3 - 3*j**2 + j + 1. Let i = 11 + -6. Suppose 5*x = i*v + 10, 0*v = 3*x + 5*v + 2. What are the prime factors of o(x)?
2, 17
Let v = 4609 + -1445. What are the prime factors of v?
2, 7, 113
Suppose -5*p - 884 = -9*p. Suppose -151 = -6*j + p. What are the prime factors of j?
2, 31
List the prime factors of (212/10)/(-1)*(-30)/3.
2, 53
Suppose 0 = -2*o + 4*u + 662, -2*o + 5*u + 1318 = 2*o. What are the prime factors of o?
3, 109
Let z(y) = -33*y + 5. Let m be z(-2). Let q = m - 32. What are the prime factors of q?
3, 13
Let n(z) = 138*z - 193. What are the prime factors of n(6)?
5, 127
Let l be 2/(-6) + (-3451)/51. What are the prime factors of (-17)/l - (-123)/4?
31
Let j(f) = -5*f + 7. Let g be j(1). Suppose -g*m - 190 + 714 = 0. What are the prime factors of m?
2, 131
Let b(v) = 2*v**2 - 11*v - 1. Let y be b(6). Suppose -5*x + 9 = -6. Suppose -2*u = x*d - 16, -5*u - y*d + 2 + 28 = 0. What are the prime factors of u?
2
Let m(r) be the first derivative of -r**2/2 + 12*r - 4. Let i be m(12). Suppose 42 = 2*n + 2*d, i = 3*n - 3*d - 0*d - 81. What are the prime factors of n?
2, 3
Suppose 71200 = 82*j + 7*j. List the prime factors of j.
2, 5
Let w(a) = 23*a - 8. Let i(r) = 123*r**3 + 3*r - 17 + 0*r - 7*r**2 - 122*r**3. Let d be i(7). List the prime factors of w(d).
2, 3, 7
Suppose 59 = -w + 61. What are the prime factors of (213/w)/((-12)/(-8))?
71
Let m be ((-2)/((-24)/(-147)))/(1/(-4)). Let t = m - 45. List the prime factors of t.
2
Let u be (-16)/56*(-13 + -1). Suppose -4*l = -3*l + 30. List the prime factors of (-2180)/l - u/6.
2, 3
Let y(t) = -t + 83. Let l be y(13). Let g = l + 74. What are the prime factors of g?
2, 3
Let o(l) = l**2 + 2*l - 7. Let q be o(-6). Suppose 2*h + 5*g = -q, -3*h - 6*g = -2*g + 15. Let r = h - -22. List the prime factors of r.
3, 7
Suppose 790 = -4*p + 14*p. Suppose -b - 85 = -w, 0 = w + b + b - p. What are the prime factors of w?
83
Let h(r) = 5*r + 3. Let w(i) = -i**2 + 12*i + 2. Let y be w(12). List the prime factors of h(y).
13
Suppose 4*x - 5 = 3. Suppose 5*a - 144 = -x*p, 2*a - p - 72 = 3*p. Suppose -i = -0*i - a. What are the prime factors of i?
2, 3, 5
Suppose -108*b = -109*b + 330. What are the prime factors of b?
2, 3, 5, 11
Let i(q) = -5 - 5*q**2 + 2 + 2*q + 16 + 4*q**2. What are the prime factors of i(4)?
5
List the prime factors of ((-332)/6)/(112/(-12) - -9).
2, 83
Let o(u) = -u**3 - 16*u**2 + 12*u - 37. List the prime factors of o(-19).
2, 409
Suppose 2*x - 669 = -5*y - 219, 4*x + 4*y - 900 = 0. List the prime factors of x.
3, 5
Let d be (-4)/8*(0 + -34). Suppose -d*t - 300 = -13*t. Let g = -38 - t. List the prime factors of g.
37
What are the prime factors of -292*(33/(-6))/11?
2, 73
Let x(r) = -138*r**2 + 2. Let h be x(3). What are the prime factors of (h/15)/((-4)/6)?
2, 31
Let b be 1*4 - (-17)/17. Suppose b*o = 3*o + 5*p + 219, 0 = 3*p - 15. List the prime factors of o.
2, 61
Let d(z) = z**2 - 7*z - 52. What are the prime factors of d(-12)?
2, 11
Let k(b) be the second derivative of -b**4/12